{"id":26,"date":"2018-03-11T20:49:36","date_gmt":"2018-03-11T19:49:36","guid":{"rendered":"http:\/\/ajdetenis.pl\/?page_id=26"},"modified":"2025-09-03T10:59:10","modified_gmt":"2025-09-03T08:59:10","slug":"o-nas","status":"publish","type":"page","link":"https:\/\/ajdetenis.pl\/?page_id=26","title":{"rendered":"O nas"},"content":{"rendered":"\n<p>Szko\u0142a tenisa Ajde Tenis dzia\u0142a od 2014 roku. Zaj\u0119cia grupowe od wrze\u015bnia do ko\u0144ca kwietnia s\u0105 prowadzone na hali KS &#8222;Orze\u0142&#8221;Piaski Wielkie, natomiast w maju i w czerwcu na kortach otwartych &#8222;Flex&#8221; na Kurdwanowie W tym sezonie planujemy rozpocz\u0105\u0107 zaj\u0119cia od poniedzia\u0142ku 08\/09 2025.<\/p>\n","protected":false},"excerpt":{"rendered":"<p>Szko\u0142a tenisa Ajde Tenis dzia\u0142a od 2014 roku. Zaj\u0119cia grupowe od wrze\u015bnia do ko\u0144ca kwietnia s\u0105 prowadzone na hali KS &#8222;Orze\u0142&#8221;Piaski Wielkie, natomiast w maju i w czerwcu na kortach otwartych &#8222;Flex&#8221; na Kurdwanowie W tym sezonie planujemy rozpocz\u0105\u0107 zaj\u0119cia od poniedzia\u0142ku 08\/09 2025.<\/p>\n","protected":false},"author":1,"featured_media":78,"parent":0,"menu_order":0,"comment_status":"closed","ping_status":"closed","template":"","meta":{"footnotes":""},"class_list":["post-26","page","type-page","status-publish","has-post-thumbnail","hentry"],"_links":{"self":[{"href":"https:\/\/ajdetenis.pl\/index.php?rest_route=\/wp\/v2\/pages\/26","targetHints":{"allow":["GET"]}}],"collection":[{"href":"https:\/\/ajdetenis.pl\/index.php?rest_route=\/wp\/v2\/pages"}],"about":[{"href":"https:\/\/ajdetenis.pl\/index.php?rest_route=\/wp\/v2\/types\/page"}],"author":[{"embeddable":true,"href":"https:\/\/ajdetenis.pl\/index.php?rest_route=\/wp\/v2\/users\/1"}],"replies":[{"embeddable":true,"href":"https:\/\/ajdetenis.pl\/index.php?rest_route=%2Fwp%2Fv2%2Fcomments&post=26"}],"version-history":[{"count":7,"href":"https:\/\/ajdetenis.pl\/index.php?rest_route=\/wp\/v2\/pages\/26\/revisions"}],"predecessor-version":[{"id":231,"href":"https:\/\/ajdetenis.pl\/index.php?rest_route=\/wp\/v2\/pages\/26\/revisions\/231"}],"wp:featuredmedia":[{"embeddable":true,"href":"https:\/\/ajdetenis.pl\/index.php?rest_route=\/wp\/v2\/media\/78"}],"wp:attachment":[{"href":"https:\/\/ajdetenis.pl\/index.php?rest_route=%2Fwp%2Fv2%2Fmedia&parent=26"}],"curies":[{"name":"wp","href":"https:\/\/api.w.org\/{rel}","templated":true}]}}